{"version":"1.0","provider_name":"eingeVeedelt","provider_url":"http:\/\/journalcologne.hmkw.de\/eingeveedelt","author_name":"Lena Lachnit","author_url":"http:\/\/journalcologne.hmkw.de\/eingeveedelt\/author\/kj01lachnit\/","title":"Wohnungsjagd in K\u00f6ln - eingeVeedelt","type":"rich","width":600,"height":338,"html":"<blockquote class=\"wp-embedded-content\"><a href=\"http:\/\/journalcologne.hmkw.de\/eingeveedelt\/2018\/09\/01\/wohnungsjagd-koeln\/\">Wohnungsjagd in K\u00f6ln<\/a><\/blockquote>\n<script type='text\/javascript'>\n<!--\/\/--><![CDATA[\/\/><!--\n\t\t\/*! This file is auto-generated *\/\n\t\t!function(d,l){\"use strict\";var e=!1,n=!1;if(l.querySelector)if(d.addEventListener)e=!0;if(d.wp=d.wp||{},!d.wp.receiveEmbedMessage)if(d.wp.receiveEmbedMessage=function(e){var t=e.data;if(t)if(t.secret||t.message||t.value)if(!\/[^a-zA-Z0-9]\/.test(t.secret)){for(var r,i,a,s=l.querySelectorAll('iframe[data-secret=\"'+t.secret+'\"]'),n=l.querySelectorAll('blockquote[data-secret=\"'+t.secret+'\"]'),o=new RegExp(\"^https?:$\",\"i\"),c=0;c<n.length;c++)n[c].style.display=\"none\";for(c=0;c<s.length;c++)if(r=s[c],e.source===r.contentWindow){if(r.removeAttribute(\"style\"),\"height\"===t.message){if(1e3<(a=parseInt(t.value,10)))a=1e3;else if(~~a<200)a=200;r.height=a}if(\"link\"===t.message)if(i=l.createElement(\"a\"),a=l.createElement(\"a\"),i.href=r.getAttribute(\"src\"),a.href=t.value,o.test(a.protocol))if(a.host===i.host)if(l.activeElement===r)d.top.location.href=t.value}}},e)d.addEventListener(\"message\",d.wp.receiveEmbedMessage,!1),l.addEventListener(\"DOMContentLoaded\",t,!1),d.addEventListener(\"load\",t,!1);function t(){if(!n){n=!0;for(var e,t,r=-1!==navigator.appVersion.indexOf(\"MSIE 10\"),i=!!navigator.userAgent.match(\/Trident.*rv:11\\.\/),a=l.querySelectorAll(\"iframe.wp-embedded-content\"),s=0;s<a.length;s++){if(!(e=a[s]).getAttribute(\"data-secret\"))t=Math.random().toString(36).substr(2,10),e.src+=\"#?secret=\"+t,e.setAttribute(\"data-secret\",t);if(r||i)(t=e.cloneNode(!0)).removeAttribute(\"security\"),e.parentNode.replaceChild(t,e)}}}}(window,document);\n\/\/--><!]]>\n<\/script><iframe sandbox=\"allow-scripts\" security=\"restricted\" src=\"http:\/\/journalcologne.hmkw.de\/eingeveedelt\/2018\/09\/01\/wohnungsjagd-koeln\/embed\/\" width=\"600\" height=\"338\" title=\"&#8222;Wohnungsjagd in K\u00f6ln&#8220; &#8211; eingeVeedelt\" frameborder=\"0\" marginwidth=\"0\" marginheight=\"0\" scrolling=\"no\" class=\"wp-embedded-content\"><\/iframe>","description":"Viele kennen es: die ewige Suche nach der richtigen Wohnung. Hat man sich erstmal durch die unz\u00e4hligen Anzeigen gequ\u00e4lt und einige Vermieter angerufen oder angeschrieben, stehen nach einigem Hin und Her endlich zahlreiche Massenbesichtigungstermine an. Eingereiht in gef\u00fchlt kilometerlange Besucherschlangen, hei\u00dft es dann, sich irgendwie gegen\u00fcber allen anderen Interessenten zu behaupten, um die lang ersehnte &hellip; weiterlesen &rarr;"}

Wohnungsjagd in Köln - eingeVeedelt

<blockquote class="wp-embedded-content"><a href="http://journalcologne.hmkw.de/eingeveedelt/2018/09/01/wohnungsjagd-koeln/">Wohnungsjagd in Köln</a></blockquote>
<script type='text/javascript'>
<!--//--><![CDATA[//><!--
		/*! This file is auto-generated */
		!function(d,l){"use strict";var e=!1,n=!1;if(l.querySelector)if(d.addEventListener)e=!0;if(d.wp=d.wp||{},!d.wp.receiveEmbedMessage)if(d.wp.receiveEmbedMessage=function(e){var t=e.data;if(t)if(t.secret||t.message||t.value)if(!/[^a-zA-Z0-9]/.test(t.secret)){for(var r,i,a,s=l.querySelectorAll('iframe[data-secret="'+t.secret+'"]'),n=l.querySelectorAll('blockquote[data-secret="'+t.secret+'"]'),o=new RegExp("^https?:$","i"),c=0;c<n.length;c++)n[c].style.display="none";for(c=0;c<s.length;c++)if(r=s[c],e.source===r.contentWindow){if(r.removeAttribute("style"),"height"===t.message){if(1e3<(a=parseInt(t.value,10)))a=1e3;else if(~~a<200)a=200;r.height=a}if("link"===t.message)if(i=l.createElement("a"),a=l.createElement("a"),i.href=r.getAttribute("src"),a.href=t.value,o.test(a.protocol))if(a.host===i.host)if(l.activeElement===r)d.top.location.href=t.value}}},e)d.addEventListener("message",d.wp.receiveEmbedMessage,!1),l.addEventListener("DOMContentLoaded",t,!1),d.addEventListener("load",t,!1);function t(){if(!n){n=!0;for(var e,t,r=-1!==navigator.appVersion.indexOf("MSIE 10"),i=!!navigator.userAgent.match(/Trident.*rv:11\./),a=l.querySelectorAll("iframe.wp-embedded-content"),s=0;s<a.length;s++){if(!(e=a[s]).getAttribute("data-secret"))t=Math.random().toString(36).substr(2,10),e.src+="#?secret="+t,e.setAttribute("data-secret",t);if(r||i)(t=e.cloneNode(!0)).removeAttribute("security"),e.parentNode.replaceChild(t,e)}}}}(window,document);
//--><!]]>
</script><iframe sandbox="allow-scripts" security="restricted" src="http://journalcologne.hmkw.de/eingeveedelt/2018/09/01/wohnungsjagd-koeln/embed/" width="600" height="338" title="&#8222;Wohnungsjagd in Köln&#8220; &#8211; eingeVeedelt" frameborder="0" marginwidth="0" marginheight="0" scrolling="no" class="wp-embedded-content"></iframe>

Viele kennen es: die ewige Suche nach der richtigen Wohnung. Hat man sich erstmal durch die unzähligen Anzeigen gequält und einige Vermieter angerufen oder angeschrieben, stehen nach einigem Hin und Her endlich zahlreiche Massenbesichtigungstermine an. Eingereiht in gefühlt kilometerlange Besucherschlangen, heißt es dann, sich irgendwie gegenüber allen anderen Interessenten zu behaupten, um die lang ersehnte &hellip; weiterlesen &rarr;
